te the greatest common factor of 13 and k.
13
Let s = 15 + -5. Let u = -11 - -18. Let p(q) = -q**3 + 6*q**2 + 8*q + 8. Let g be p(u). Calculate the greatest common factor of g and s.
5
Let m(d) = 6*d - 15. Let l(n) = 3*n - 8. Let u(a) = -7*l(a) + 4*m(a). Let y be u(4). What is the greatest common divisor of 8 and y?
8
Suppose -6*h = 25 - 67. Suppose -2*c = -133 - 21. What is the highest common divisor of h and c?
7
Let i be 9 + -13 + 1 + 7. Calculate the greatest common factor of 8 and i.
4
Let i be 0 + (1 - 2) - -8. Let b(g) = 4*g - 8*g + 4 - 2*g + g**2 - 10. Let n be b(i). What is the highest common factor of 1 and n?
1
Let s be (-2)/((-21)/15 - -1). Calculate the highest common factor of 1 and s.
1
Suppose -5*z + 12 = -2*z. Suppose -17 = z*i - 77. Calculate the greatest common factor of 3 and i.
3
Let f(h) = -h**3 + 11*h**2 + 12*h + 11. Let n be f(12). What is the highest common divisor of n and 88?
11
Let s(b) = -b**3 - 4*b**2 + 3*b - 6. Let w = 7 - 4. Suppose 0 = -3*o - w*r, 4*o - o - 5 = -4*r. Let m be s(o). What is the highest common factor of 20 and m?
4
Let v = 4 - -9. Let r(z) = -96*z**3 - z**2 - z. Let w be r(-1). Let p = w + -57. What is the highest common factor of v and p?
13
Let s(f) = -8*f - 4. Let z be s(-5). Let v be (-109)/(-6) - 6/z. Calculate the highest common factor of v and 144.
18
Suppose -3*b = 6, -4*b - 28 = -8*f + 3*f. What is the highest common divisor of f and 36?
4
Suppose h = -3*h + 36. Calculate the highest common factor of h and 9.
9
Suppose -157 = -5*t + 68. What is the greatest common divisor of 15 and t?
15
Suppose 2*q + 15 + 31 = 0. Let b = -12 - q. Calculate the greatest common divisor of 99 and b.
11
Let m be -8*((-18)/4)/(-3). Let a be (-64)/m*30/4. Suppose b - a = -3*b. Calculate the highest common factor of 2 and b.
2
Suppose 4*h = 3*h - 178. Let m be (1/2)/((-1)/h). Let j = m - -37. What is the greatest common divisor of j and 14?
14
Let d(k) = -69*k - 3. Let g be d(-5). Suppose -2*b - 5*q + 345 = 3*b, g = 5*b + 4*q. What is the greatest common factor of 22 and b?
22
Let y(r) = r - 2. Let s be y(7). Suppose 3*j + 22 = s*j. What is the greatest common divisor of j and 99?
11
Suppose 4*c = -5*w + 498, -2*w + 7*c + 190 = 4*c. What is the highest common factor of w and 14?
14
Let f(w) = w + 6. Let a be f(0). Let y(j) = 2*j - 16. Let v be y(14). Suppose -3*i + i + v = 0. What is the highest common divisor of i and a?
6
Suppose -3*g + x + 115 = -229, -4*g + 448 = -4*x. Let i be g - -2*(1 - 0). Let l = i - 82. What is the highest common factor of 4 and l?
4
Suppose 10*p - 5*p = 15. Let h be -10*-5*(p + -2). What is the highest common divisor of h and 10?
10
Suppose s + 6*s - 63 = 0. Calculate the highest common factor of 153 and s.
9
Let k = 38 + -20. Let p be (-16)/(-10) - 12/20. Let x be 4/p + (1 - -1). What is the highest common divisor of x and k?
6
Suppose 38 + 330 = 4*c. Calculate the highest common factor of 230 and c.
46
Suppose -20 - 15 = 5*d. Let w be 1/(7/(-24))*d. Suppose -5*a - 19 = -3*u, -u = 3*u - 2*a - 16. What is the greatest common factor of u and w?
3
Let l be (-2)/1*-2 + -3. Let w = -1 - -4. Let d be 14 + (2 - w) - l. Calculate the highest common factor of 96 and d.
12
Let d(y) = -y**2 + 6*y + 4. Let a be d(5). Let q = -81 - -117. Calculate the greatest common factor of a and q.
9
Let v(n) = 10*n - 5. Let p be v(4). Calculate the highest common factor of 14 and p.
7
Suppose 0*v = 3*v - 21. What is the highest common factor of v and 7?
7
Let u(h) = 98*h**2 - 3. Let s(c) = -147*c**2 + 5. Let z(v) = 5*s(v) + 8*u(v). Let l be z(-1). What is the greatest common divisor of 10 and l?
10
Suppose -44 = m - 122. What is the highest common divisor of 13 and m?
13
Suppose 0 + 17 = 2*c - b, -c - 4*b = 14. Let t be (c/(-5))/((-6)/80). Let z be -1 + (-3)/(-1) + t. What is the highest common factor of 12 and z?
6
Let z(m) = 7*m + 2. Suppose 24 = 5*p + 4. Let y be z(p). Let n(t) = -t**3 - 3*t**2 - 2*t - 4. Let b be n(-4). What is the highest common factor of y and b?
10
Let p(v) = -9 + 4*v + 2*v + 2*v - 4*v. Let j be p(9). Calculate the greatest common factor of 3 and j.
3
Let m(x) = x**2 - 16*x + 18. Let d be m(15). Calculate the greatest common divisor of 1 and d.
1
Let n = -70 - -82. What is the highest common divisor of 3 and n?
3
Let n(h) = 2*h - 3. Let t be n(3). What is the highest common factor of t and 33?
3
Let m(d) = -2*d**3 - 5*d**2 + 14*d + 14. Let j be m(-6). What is the highest common factor of 26 and j?
26
Let s(h) = -h - 1. Let d be s(-4). Let j(y) = -y + 6. Let k be j(d). Suppose -3 = -k*o + 3. Calculate the highest common factor of o and 18.
2
Let k be (-116)/(-6) + 7/(-21). What is the highest common divisor of k and 95?
19
Let g(q) = q**3 - 28*q**2 + 23. Let c be g(28). Calculate the highest common factor of c and 23.
23
Suppose 2*x - 2*s - 190 = -20, s = -x + 83. Calculate the highest common factor of 14 and x.
14
Let i = 19 + 2. Let w = -14 - -35. Calculate the greatest common divisor of w and i.
21
Let d(s) = 58*s**2 - 1. Let g be d(1). Suppose 0 = 3*h - 15 - g. What is the highest common factor of h and 16?
8
Let z = -120 + 184. What is the highest common divisor of 8 and z?
8
Suppose -4*b - 5*u + 657 - 94 = 0, -2*b - 5*u = -269. What is the highest common divisor of b and 21?
21
Suppose 100 + 44 = 4*d. Calculate the highest common divisor of 9 and d.
9
Suppose -4*f - 1 + 17 = -3*n, 3*f - 2*n - 13 = 0. Let p be 27*(f + -1 + -2). What is the highest common divisor of 12 and p?
12
Let f = -7 - -20. Suppose 0*m = m + 33. Let b = 32 - m. Calculate the greatest common divisor of f and b.
13
Let r be (-6)/(-3)*(70 - -2). Let x be ((-2)/4)/((-2)/16). Let i(y) = y**3 - 2*y**2 - 4*y. Let f be i(x). Calculate the highest common factor of f and r.
16
Suppose 3*y - 152 = -0*b + 5*b, 2*b + 58 = 4*y. Let g = 43 + b. Calculate the greatest common factor of 8 and g.
4
Let s be (-1)/(1/(1*7)). Let a be 0/(-3 - 1) + 19. Let d = a + s. What is the greatest common divisor of d and 108?
12
Let i = 173 - 85. Let h be -4*(1 - 2) + 4. Calculate the greatest common factor of i and h.
8
Let t be (-1)/4 - (-1)/4. Suppose u + t = 2. Suppose 0 = u*l - l - 49. Calculate the highest common divisor of l and 7.
7
Let x be -34*(2 + -4 - (1 + -1)). Calculate the highest common factor of 17 and x.
17
Let l be 1/((308/(-52) - -2) + 4). Suppose -3*t + 407 = 5*h - 296, 0 = -h - 3*t + 131. Calculate the greatest common factor of l and h.
13
Let x be 2/(-8) + 266/8. Suppose -x = 2*j - 203. Suppose -4*y + 7*i + 58 = 5*i, 0 = -5*y + 3*i + 70. Calculate the greatest common divisor of j and y.
17
Let s be -2 + (0 - -15) + 1. Calculate the greatest common factor of 126 and s.
14
Suppose -15 = -5*p, 334 = l - 3*p + p. Let a be l - 0/(1 - -3). What is the highest common divisor of a and 34?
34
Let o be 12 - (4/10 + (-13)/(-5)). What is the highest common factor of 90 and o?
9
Suppose -3*j + 3*r = -27, -14 = -2*j - 0*j + 4*r. What is the highest common factor of j and 33?
11
Let o(a) = 25*a + 28. Let f be o(5). What is the highest common factor of 17 and f?
17
Suppose j - 39 = -25. Suppose -3*n + 0 + 6 = 0. Suppose -n*l + 3*o - 7*o = -216, -l + 93 = -o. Calculate the highest common divisor of l and j.
14
Let t be 32/(-3)*9/(-3). Suppose 3*o - 5*o = -t. What is the greatest common factor of o and 8?
8
Let u = 84 - 53. Calculate the highest common factor of u and 341.
31
Suppose -20 = 5*g, 5*g - 13 = -4*t + 191. Let r = 49 + -41. What is the greatest common factor of r and t?
8
Let r = -3 + 7. Let l(v) = -v**2 + 4*v + 5. Let k be l(r). Let j be 1/2*30*k. What is the highest common factor of 30 and j?
15
Let c(a) = -7*a**3 + a. Let m be c(-2). Calculate the highest common divisor of 18 and m.
18
Let f be (36/5)/(2 + (-54)/30). What is the greatest common divisor of 396 and f?
36
Let f(q) be the first derivative of 44*q**2 - 3. Let m be f(1). Calculate the highest common factor of m and 11.
11
Let z be 278*(-2)/4*-1. Let r = -83 + z. Let u = r + -6. What is the greatest common divisor of 25 and u?
25
Let l(c) = -c**2 - 8*c + 33. Let d be l(-10). Calculate the greatest common divisor of 117 and d.
13
Suppose -2*y = -2*c - 24, -36 = -2*y + 5*c - 0*c. Let k = 322 + -526. Let b = -140 - k. What is the greatest common factor of b a